3 + 4*z**2 - 5*z + 1. Let l be q(-5). What is the remainder when 55 is divided by 147/7 + l + -3?
17
Let o be (528/(-55))/(3/(-10)). Suppose 3*p + o = 4*w + 81, 2*w + 63 = 5*p. What is the remainder when 42 is divided by p?
9
Suppose 5*r + 2*o = 25, 5*o = -r + 6*r - 60. Suppose -13 = 4*d - 89. What is the remainder when d is divided by r?
5
Let a = 13 - -7. Let d = -1721 - -1756. Calculate the remainder when d is divided by a.
15
Suppose 0 = 2*r + 5*o - 75 - 58, -4*r + 3*o = -227. What is the remainder when r is divided by 12?
11
Let t = -123 + 129. Let x be 10/(3 - 1) - 1. Suppose -x*q + 4*r = -56, -2*r - 3 = q - 2. What is the remainder when q is divided by t?
3
Let c(s) = -40*s + 208. What is the remainder when 53 is divided by c(5)?
5
Let h be (1/(-3))/(1/15). Suppose 0 = 3*z + 15, 0 = g + 3*z - 0*z - 6. Calculate the remainder when g is divided by 1 + h/(-3 - -2).
3
Let p(j) = j**3 + 4*j**2 - 7*j - 12. Let x be p(-5). Let w = x - -10. Calculate the remainder when 30 is divided by w.
6
Suppose -52*q + 61*q - 216 = 0. What is the remainder when 45 is divided by q?
21
Suppose 2*t + 3*t + 4*v - 35 = 0, 5*t - v - 10 = 0. Suppose -2*d + 80 = 4*y, 3*y - d = t*d + 71. Calculate the remainder when 55 is divided by y.
13
Let f = -45 + 19. Let o = f - -34. Let z = o - 6. Calculate the remainder when 2 is divided by z.
0
Let s(n) = 3*n + 2*n - 6 + 0*n - 3*n. Suppose 0 = 2*r - 27 + 9. Calculate the remainder when s(10) is divided by r.
5
Suppose 0*i + 4*i = -w + 147, 0 = -2*w + 6. What is the remainder when 165 is divided by i?
21
Let g = 22 + 0. Let f = 133 - g. Let b(k) = k**3 + 7*k**2 + 6*k + 4. What is the remainder when f is divided by b(-4)?
27
Let a(m) = -4*m**3 - 6*m**2 - 5*m + 6. Let s be a(-6). Calculate the remainder when 36 is divided by s/24*(-4)/(-6).
17
Let n(x) = x**2 - x + 3. Let j be (-2)/(-15) + (-7287)/315. Let v = 18 + j. What is the remainder when n(v) is divided by 12?
9
Let x = -19 + -12. Let s = 58 + x. What is the remainder when 80 is divided by s?
26
Let a = 385 + -379. Calculate the remainder when 17 is divided by a.
5
Let r = -179 + 200. Suppose 5 + 5 = 5*t. Suppose t*g - 98 + 18 = 0. What is the remainder when g is divided by r?
19
Let f(c) = c**3 - 17*c**2 + 5*c - 10. Calculate the remainder when f(17) is divided by 26.
23
Suppose -5*n = -n - 244. Suppose -4*o + 51 - 159 = 0. Let j = o + 58. Calculate the remainder when n is divided by j.
30
Let u = -31 - -50. Suppose u*k = 18*k + 40. Calculate the remainder when k is divided by 22.
18
Let x(b) = 10*b - 11. Suppose 0 = -6*u + 228 - 126. Calculate the remainder when x(9) is divided by u.
11
Suppose 0 = 5*i - i - 828. Suppose -3*y = 3*t - i, 3*y - 136 = 4*t + 36. Calculate the remainder when y is divided by 13.
12
Let f = -106 + 203. Let d = f - 64. What is the remainder when d is divided by 7?
5
Suppose -920 = 3*j - n, 4*j + 1229 = n - 2*n. Suppose 2*z + 414 = -i, 2*z - 5*z = -3*i + 603. Let a = z - j. Calculate the remainder when a is divided by 26.
24
Let m(z) = 39*z**3 - 4*z**2 + 5*z - 4. Let w be m(2). Calculate the remainder when w/4 - 69/46 is divided by 11.
8
Let q = 53 + -48. Suppose -n = 3*l - 3*n - 94, 166 = q*l - n. What is the remainder when l is divided by 5?
4
Let q(c) = -c**2 + 19*c + 9. Calculate the remainder when q(5) is divided by 9.
7
Suppose 21 = a + 2*n, -20*a - 87 = -23*a - 2*n. Let u(h) = -5*h**3 - h**2 - h. Calculate the remainder when u(-3) is divided by a.
30
Suppose o - 2 = 6. Let f(h) = -h**3 - 8*h**2 + 54*h + 101. Calculate the remainder when f(-12) is divided by o.
5
Let c = -42 + 49. What is the remainder when 15 is divided by 0/(3 + -1) + (c - 3)?
3
Suppose -5*j - 114 = -4*x + 126, -2*x - j = -106. What is the remainder when x is divided by 39?
16
Suppose j = -0*n - 5*n - 3, -5*j - 3*n - 37 = 0. Let l be (-79)/(-7) - j/(-28). Calculate the remainder when 38 is divided by 90/11 - 2/l.
6
Let q = 60 - 0. Calculate the remainder when q is divided by 21.
18
Calculate the remainder when (-92)/(-138) + (1 - (-1956)/9) is divided by 43.
4
Suppose 0 = -2*s - 2*a + 158, -26*s + 23*s - 4*a + 236 = 0. What is the remainder when 159 is divided by s?
79
Let f = 388 + -364. Calculate the remainder when 139 is divided by f.
19
Let j = -27 + 57. Let q = j + -23. Suppose -3 = -5*c + 87. What is the remainder when c is divided by q?
4
Let m = -37 - -64. Let b be (-6)/(-14) - 984/(-7). Let g = b + -62. Calculate the remainder when g is divided by m.
25
Calculate the remainder when 16 is divided by (-10 + 2)/1*(-5)/4.
6
Suppose 3*g + 17*x - 36 = 14*x, 5*x = 0. Calculate the remainder when 202 is divided by g.
10
Suppose 3*s - 5*t + 62 = 5*s, -5*s + 4*t = -89. Suppose a - 2*v - 59 = -6, 0 = -6*a - 4*v + 318. What is the remainder when a is divided by s?
11
Let r(h) = -2*h**3 - 17*h**2 - 36*h + 5. Calculate the remainder when r(-6) is divided by 24.
17
Let x = 1 - -3. Let b(k) = 4*k + 2. Calculate the remainder when x - (-3)/(9/87) is divided by b(4).
15
Let m = 1301 - 1197. Calculate the remainder when m is divided by 12.
8
Let s = -1533 + 1555. Suppose 0 = -0*o + 2*o - 18. Calculate the remainder when s is divided by o.
4
Suppose 4*c + 22 = 3*n, 17 + 10 = 4*n - 3*c. Suppose 0 = -3*r + r - 4*y + 74, -4*y = -32. What is the remainder when r is divided by n?
3
Let s(a) = -3*a**2 + 3*a - 3. Let i be s(1). Calculate the remainder when (-18)/i*15 + -1 is divided by 19.
13
Let d(i) be the second derivative of -i**4/12 + 5*i**3/2 + 17*i**2 - 5*i. Calculate the remainder when d(14) is divided by 5.
3
Let g = -52 - -55. Suppose g*s - 290 = -56. Calculate the remainder when s is divided by 21.
15
Let n(o) = -o**3 + 10*o**2 + 4*o + 13. Let i be (-260)/(-45) + 3 + 100/(-36). Calculate the remainder when n(i) is divided by 46.
43
Suppose -4*g - 24 = -4*y, 5*g - y = -0*g - 10. Calculate the remainder when 96 is divided by (-2 - 16)*-2 - (4 + g).
30
Suppose 0 = 54*k + 1130 - 8042. What is the remainder when k is divided by 31?
4
Let g = -6 + -54. Let n = 8 - g. What is the remainder when n is divided by 23?
22
Let y(l) = -36*l - 446. What is the remainder when y(-13) is divided by 15?
7
Let l(c) = c**2 - 3*c + 190. What is the remainder when l(0) is divided by 32?
30
Let a = 1 + 8. Let z = 355 - 331. Calculate the remainder when z is divided by a.
6
Let h = 2 + 7. Let w = 184 - 116. Suppose -o - o + w = 0. Calculate the remainder when o is divided by h.
7
Suppose 5 = 2*p + o, -p + o - 11 = -3*o. Suppose 0 = -4*l - p - 3. Calculate the remainder when l*6*92/(-8) is divided by 24.
21
Let h = 412 - 403. Calculate the remainder when 110 is divided by h.
2
Suppose 0 = -6*u + u + 15. Suppose -u*k = 2*k - 335. What is the remainder when k is divided by 682/40 + 40/(-800)?
16
Let t be (-81)/(-36) - 1/4. Calculate the remainder when -1 + (t - 1) + 100 is divided by 26.
22
Suppose -13*j = -17*j + 12. Suppose -a + 21 = -4*y, -j*y = -2*a + 5 + 42. What is the remainder when a is divided by 7?
4
Let a(d) = -d**3 - 8*d**2 - 3*d - 12. Let k be a(-8). Let i = 14 - k. Let w(r) = -r**2 + 3*r + 2. What is the remainder when 14 is divided by w(i)?
2
What is the remainder when 1752/36 - (-4)/(-6) is divided by 11?
4
Let c(m) be the first derivative of 7*m**2/2 - 22*m + 1. Calculate the remainder when c(11) is divided by 20.
15
Let s(k) = 11*k - 124. Calculate the remainder when s(51) is divided by 111.
104
Let t(v) = v - 11. Let l be t(15). Let u(w) = w**2 - 3*w + 10. What is the remainder when u(l) is divided by 10?
4
Suppose -2*h - 5*y + 14 = 0, 3*h - 14 = -y + 20. Suppose -h*u - 2*u = -70. Calculate the remainder when 10 is divided by u.
0
Let o = 126 - 122. Suppose p + 2*p = -o*q + 33, q = 2*p + 22. What is the remainder when q is divided by 7?
5
Let w = -641 + 647. What is the remainder when 121 is divided by w?
1
Suppose -5*f = -3*v - 5 + 3, 3 = 3*v. Let w = f + 4. Suppose -w*q + 42 = -53. Calculate the remainder when 73 is divided by q.
16
Let g(d) = 17*d + 32. Let k be g(-3). What is the remainder when 62 is divided by (0 + -1)*(k - 0)?
5
Let y(p) = p**2 + 7*p - 28. Calculate the remainder when y(-11) is divided by 8.
0
What is the remainder when 88 is divided by (-10 + (-184)/(-23))*3*-6?
16
Let t = -270 - -360. Calculate the remainder when t is divided by 46.
44
Suppose 3*n - 106 =